s(u) = -u**3 + 81*u**2 - 61*u - 2531. Give s(80).
-1011
Let y(u) = u**2 - 4*u - 3441. Determine y(-58).
155
Let w(s) = -16193*s**2 + 242910*s - 219. Calculate w(15).
6
Let y(m) = -2*m**3 - 893*m**2 + 5980*m + 41217. Determine y(-453).
-6
Let y(l) = l**3 + 229*l**2 - 4182*l - 192. Give y(17).
-192
Let z(q) = 12*q**3 + 21*q**2 - 3416*q + 123. Give z(16).
-5
Let r(u) = -706*u + 1128. What is r(2)?
-284
Let g(n) = n**3 - 70*n**2 - 4980*n - 4107. Give g(114).
-3
Let z(b) = -1368*b + 129987. What is z(95)?
27
Let b(r) = 5302*r - 37111. Calculate b(7).
3
Let i(l) = 4*l**3 - 127*l**2 - 28*l - 119. What is i(32)?
9
Let w(v) = 5*v**2 + 73*v + 303. What is w(-8)?
39
Let n(s) = -s**3 - 92*s**2 + 52*s - 340. What is n(-93)?
3473
Let x(i) = 1611*i - 11532. Give x(8).
1356
Let s(o) = -10691*o + 6254278. Give s(585).
43
Let d(s) = 56*s + 2670. Determine d(-41).
374
Let p(j) = 3*j**2 - 3510*j + 38259. What is p(11)?
12
Let f(a) = -2186*a + 17077. Give f(8).
-411
Let h(d) = -323*d**2 - 1337*d + 22. What is h(-3)?
1126
Let a(o) = -6*o**2 + 15876*o + 63599. Give a(-4).
-1
Let y(r) = 8*r**2 + 2267*r - 29888. Determine y(-296).
8
Let f(v) = -2*v**3 + 131*v**2 + 375*v - 2379. What is f(68)?
1
Let i(x) = -3*x**3 - 593*x**2 + 798*x + 188. Give i(-199).
-210
Let i(b) = 18074*b + 4229315. What is i(-234)?
-1
Let f(q) = 9*q**3 + 38*q**2 + 2796*q + 14024. What is f(-5)?
-131
Let r(v) = 2*v**3 + 38*v**2 - 346*v + 444. Calculate r(-26).
-24
Let m(f) = 103*f - 4502. Determine m(27).
-1721
Let r(w) = -40621*w + 406201. Determine r(10).
-9
Let z(g) = g**3 + 28*g**2 - 63*g + 64. What is z(-32)?
-2016
Let k(x) = x**3 - 38*x**2 - 900*x + 604. Give k(-17).
9
Let n(w) = w**3 + 85*w**2 + 710*w + 158. Calculate n(-9).
-76
Let p(d) = 59772*d + 17. Give p(0).
17
Let v(n) = -n**3 + 214*n**2 - 3022*n + 7354. Give v(199).
-9
Let g(k) = k**3 + 74*k**2 + 1246*k + 937. Give g(-49).
-92
Let w(q) = -42486*q - 934220. What is w(-22)?
472
Let o(f) = 116097*f + 1160986. What is o(-10)?
16
Let b(o) = 895*o - 85907. Give b(96).
13
Let g(n) = 46326*n + 463270. What is g(-10)?
10
Let c(u) = 3*u**2 + 295*u - 18804. Determine c(44).
-16
Let z(j) = 16*j**3 + 256*j**2 + 17*j + 260. Calculate z(-16).
-12
Let v(d) = 150*d - 3219. Give v(24).
381
Let l(g) = 2*g**3 - 81*g**2 - 124*g + 238. Determine l(42).
322
Let g(w) = -5*w**2 - 94*w - 26. Determine g(0).
-26
Let p(v) = 290*v**2 - 32190*v + 81. Calculate p(111).
81
Let l(k) = 5*k**2 - 3826*k + 41498. Determine l(11).
17
Let c(l) = 5129*l - 10128. Calculate c(2).
130
Let y(a) = -13*a**3 - 67*a**2 + 697*a + 3537. What is y(-5)?
2
Let x(m) = -3*m**3 + 63*m**2 - 19*m - 33. What is x(21)?
-432
Let h(u) = -6*u**2 + 234*u + 1477. Calculate h(44).
157
Let d(m) = 91*m**2 + 306*m + 278. What is d(-2)?
30
Let y(t) = t**3 + 113*t**2 + 2486*t + 136. What is y(-83)?
468
Let c(v) = 287*v**2 - 3027*v + 1569. Calculate c(10).
-1
Let m(x) = -3*x**3 - 256*x**2 + 178*x + 507. Calculate m(-86).
-9
Let n(z) = -z**3 + 57*z**2 - 67*z - 1072. Calculate n(55).
1293
Let r(a) = -a**2 - 446*a - 39800. Calculate r(-126).
520
Let l(k) = -1193*k + 103867. Calculate l(87).
76
Let n(s) = 9*s**3 + 5*s**2 + 397*s - 811. Calculate n(2).
75
Let t(l) = 115*l**2 + 5642*l + 119. Give t(-49).
-224
Let k(i) = -5*i**2 - 509*i - 252. What is k(-102)?
-354
Let a(q) = -10373*q + 93220. Calculate a(9).
-137
Let z(p) = -7631*p + 3739211. What is z(490)?
21
Let v(w) = w**3 + 15*w**2 + 34*w + 1292. Calculate v(0).
1292
Let q(t) = -7*t**2 + 548*t - 8181. Give q(58).
55
Let i(j) = j**2 - 2504*j - 1131. What is i(0)?
-1131
Let o(i) = i**3 + 24*i**2 + 596*i + 8774. What is o(-18)?
-10
Let y(m) = 16484*m - 659359. Calculate y(40).
1
Let b(q) = q**2 - 170*q + 18. What is b(19)?
-2851
Let q(x) = 319*x - 8861. Calculate q(27).
-248
Let i(s) = -441*s - 14459. Determine i(-34).
535
Let x(w) = -110485*w - 883895. What is x(-8)?
-15
Let r(h) = h**3 - 36*h**2 + 27*h + 1568. Determine r(33).
-808
Let z(w) = -4*w**2 + 82*w + 1352. Determine z(-14).
-580
Let g(j) = -9*j**2 + 668*j + 1324. Give g(73).
2127
Let t(g) = -3*g**3 + 164*g**2 + 1076*g + 53. Calculate t(-6).
149
Let w(o) = 333*o - 37239. Calculate w(112).
57
Let w(t) = -2475*t - 848924. Determine w(-343).
1
Let l(a) = 9*a**3 + 280*a**2 + 18*a - 435. Give l(-31).
-32
Let v(u) = 3*u**2 - 7219*u + 178600. Determine v(25).
0
Let i(y) = 176*y + 834. Determine i(-5).
-46
Let t(z) = 768*z - 11419. Calculate t(17).
1637
Let v(q) = q**3 - 385*q**2 - 3080*q + 261. What is v(-8)?
-251
Let r(u) = -30*u**2 + 187*u + 243. Determine r(-9).
-3870
Let x(p) = 5371*p**2 - 306139*p - 467. Calculate x(57).
-11
Let i(m) = -132*m**3 - 58*m**2 + 57*m. What is i(1)?
-133
Let c(r) = -16*r**2 - 635*r + 2826. Give c(4).
30
Let s(t) = 2*t**2 + 239*t - 1840. Determine s(-127).
65
Let f(v) = 4896*v - 73362. What is f(15)?
78
Let y(w) = 7*w**2 - 35*w - 187. Calculate y(-10).
863
Let x(d) = -d**2 + 20830*d + 604909. Give x(-29).
-2
Let q(v) = 441*v + 99328. Determine q(-226).
-338
Let o(q) = 8120*q - 8664015. Give o(1067).
25
Let n(f) = -f**2 + 99*f - 2387. Calculate n(46).
51
Let n(d) = -11*d**3 + 42*d**2 - 5*d - 298. Determine n(7).
-2048
Let i(y) = -23249*y + 372032. Give i(16).
48
Let c(d) = -d**3 + 53*d**2 + 1977*d - 93216. What is c(36)?
-12
Let d(c) = -5*c**3 + 541*c**2 - 181*c + 7884. Give d(108).
0
Let x(t) = 2*t**3 + 158*t**2 + 12*t + 1789. What is x(-79)?
841
Let f(q) = -2*q**2 + 4936*q - 112357. Calculate f(23).
113
Let n(u) = u**3 + 30*u**2 - 1749*u - 51569. Determine n(-29).
-7
Let s(z) = 306615*z + 2146464. What is s(-7)?
159
Let t(b) = 45720*b + 1051548. Give t(-23).
-12
Let t(u) = -82*u + 2492. What is t(57)?
-2182
Let a(w) = 73*w**2 - 1814*w + 4143. What is a(22)?
-433
Let k(m) = -4*m**3 - 103*m**2 + 658*m - 156. Calculate k(-31).
-373
Let b(r) = -381*r - 70500. Calculate b(-185).
-15
Let t(s) = s**3 - 91*s**2 - 82*s - 78. Give t(92).
842
Let u(n) = -53*n**3 - 475*n**2 - 25*n - 88. Calculate u(-9).
299
Let l(v) = 4051*v + 206575. What is l(-51)?
-26
Let b(x) = 2*x**3 - 30*x**2 + 151*x - 254. Determine b(6).
4
Let n(d) = 3*d**3 - 73*d**2 + 134*d + 415. Give n(22).
-25
Let k(b) = 3*b**2 + 191*b + 567. Calculate k(-62).
257
Let m(d) = d**2 - 1992*d + 782282. Give m(538).
30
Let j(l) = -l**2 + 45*l + 271. Give j(-3).
127
Let f(o) = -4017*o + 309355. Give f(77).
46
Let h(q) = -606*q - 12905. Give h(-22).
427
Let n(h) = -2*h**3 - 1493*h**2 + 20497*h - 17497. Determine n(-760).
-17
Let c(l) = 6691*l - 120472. Give c(18).
-34
Let b(l) = -66355*l + 464464. What is b(7)?
-21
Let h(w) = 54*w**2 + 1042*w - 46. What is h(-19)?
-350
Let n(z) = -z**3 - 28*z**2 + 461*z - 286. Determine n(-38).
-3364
Let l(o) = o**3 + 92*o**2 + 1270*o + 329. Calculate l(-15).
-1396
Let o(a) = 91*a**2 + 12*a - 4. What is o(3)?
851
Let c(w) = 3*w**3 + 1274*w**2 + 881*w + 13931. Give c(-424).
-61
Let z(q) = 4*q**3 + 15*q**2 - 2827*q - 11302. Calculate z(-4).
-10
Let r(p) = 4972*p - 64753. Calculate r(13).
-117
Let a(g) = 51*g**2 - 9595*g + 10840. Determine a(187).
-6
Let k(j) = j**3 + 29*j**2 - 107*j + 887. Calculate k(-33).
62
Let y(t) = -t**3 + 30*t**2 - 274*t + 586. Calculate y(3).
7
Let b(r) = -15074*r + 135652. Calculate b(9).
-14
Let x(p) = p**3 - 7*p**2 - 9*p + 241. What is x(0)?
241
Let x(m) = 751*m - 7015. Determine x(11).
1246
Let a(b) = 180753*b + 16087006. What is a(-89)?
-11
Let w(m) = -m**2 - 6924*m - 41502. Give w(-6).
6
Let x(w) = 29499*w - 472039. Give x(16).
-55
Let i(j) = 382*j - 4162. Calculate i(11).
40
Let d(k) = 14*k**2 + 222*k + 621. Calculate d(-7).
-247
Let t(q) = q**2 + 913*q + 41491. Give t(-48).
-29
Let b(k) = -2*k**3 + 221*k**2 - 118*k + 891. What is b(110)?
11
Let o(c) = c**3 + 242*c**2 + 721*c + 26. Give o(-3).
14
Let c(i) = 12600*i + 8630961. What is c(-685)?
-39
Let u(v) = 17*v**3 - 15*v**2 - 23*v + 142. What is u(3)?
397
Let v(h) = 347*h + 3645. Calculate v(-12).
-519
Let q(b) = 707*b**3 - 28*b**2 - 72*b + 99. Determine q(1).
706
Let y(a) = -125*a + 3262. Determine y(37).
-1363
Let l(f) = -53*f + 1358. What is l(37)?
-603
Let u(o) = 19480*o - 214482. Give u(11).
-202
Let q(b) = -7*b**3 - 2131*b**2 - 874*b + 11559. What is q(-304)?
7
Let r(y) = 8*y**2 + 443*y + 6073. Determine r(-25).
-2
Let c(g) = g**3 - 512*g**2 + 899*g - 198274. Calculate c(511).
-6
Let l(g) = 160*g**2 + 17